{"id":185,"date":"2019-04-03T06:24:21","date_gmt":"2019-04-03T06:24:21","guid":{"rendered":"https:\/\/victorthemes.com\/themes\/windfall\/?page_id=185"},"modified":"2022-08-03T08:48:33","modified_gmt":"2022-08-03T08:48:33","slug":"home-v2","status":"publish","type":"page","link":"https:\/\/hartfix.si\/","title":{"rendered":"Home V2"},"content":{"rendered":"\t\t<div data-elementor-type=\"wp-post\" data-elementor-id=\"185\" class=\"elementor elementor-185\">\n\t\t\t\t\t\t\t\t\t<section class=\"elementor-section elementor-top-section elementor-element elementor-element-299aee6 elementor-section-boxed elementor-section-height-default elementor-section-height-default\" data-id=\"299aee6\" data-element_type=\"section\">\n\t\t\t\t\t\t<div class=\"elementor-container elementor-column-gap-default\">\n\t\t\t\t\t<div class=\"elementor-column elementor-col-100 elementor-top-column elementor-element elementor-element-ac570b7\" data-id=\"ac570b7\" data-element_type=\"column\">\n\t\t\t<div class=\"elementor-widget-wrap elementor-element-populated\">\n\t\t\t\t\t\t\t\t<div class=\"elementor-element elementor-element-688fcdd elementor-widget elementor-widget-vt-windfall_section_title\" data-id=\"688fcdd\" data-element_type=\"widget\" data-widget_type=\"vt-windfall_section_title.default\">\n\t\t\t\t<div class=\"elementor-widget-container\">\n\t\t\t<div class=\"section-title-wrap section-left-align wndfal-sectTitleElementor \"><h2 class=\"section-title\">Popravila, storitve in prodaja<\/h2><p>V na\u0161em podjetju lahko izvedemo servisne storitve za va\u0161o kmetijsko mehanizacijo, delovne stroje in druga motorna vozila. Prav tako si pri nas lahko izposodite delovne stroje ali kupite obnovljen delovni stroj.<\/p><\/div>\t\t<\/div>\n\t\t\t\t<\/div>\n\t\t\t\t\t<\/div>\n\t\t<\/div>\n\t\t\t\t\t\t\t<\/div>\n\t\t<\/section>\n\t\t\t\t<section class=\"elementor-section elementor-top-section elementor-element elementor-element-235d669 elementor-section-stretched elementor-section-full_width elementor-section-height-default elementor-section-height-default\" data-id=\"235d669\" data-element_type=\"section\" data-settings=\"{&quot;stretch_section&quot;:&quot;section-stretched&quot;}\">\n\t\t\t\t\t\t<div class=\"elementor-container elementor-column-gap-default\">\n\t\t\t\t\t<div class=\"elementor-column elementor-col-100 elementor-top-column elementor-element elementor-element-36586d5\" data-id=\"36586d5\" data-element_type=\"column\">\n\t\t\t<div class=\"elementor-widget-wrap elementor-element-populated\">\n\t\t\t\t\t\t\t\t<div class=\"elementor-element elementor-element-870a172 elementor-widget elementor-widget-vt-windfall_callout\" data-id=\"870a172\" data-element_type=\"widget\" data-widget_type=\"vt-windfall_callout.default\">\n\t\t\t\t<div class=\"elementor-widget-container\">\n\t\t\t<div class=\"wndfal-callout\">\r\n\t\t\t\t\t\t\t  <div class=\"container\">\r\n\t\t\t\t\t\t\t    <div class=\"row align-items-center\">\r\n\t\t\t\t\t\t\t      <div class=\"col-lg-9\">\r\n\t\t\t\t\t\t\t        <h2 class=\"callout-title\">Za vas smo dosegljivi vsak delovnik v dopoldanskem \u010dasu.<\/h2>\r\n\t\t\t\t\t\t\t      <\/div>\r\n\t\t\t\t\t\t\t      <div class=\"col-lg-3 textright\">\r\n\t\t\t\t\t\t\t      <a href=\"https:\/\/hartfix.si\/index.php\/kontakt\/\"   class=\"wndfal-btn wndfal-border-btn\"><span class=\"btn-text-wrap\"><span class=\"btn-text\">Kontakt<\/span><\/span><\/a>\r\n\t\t\t\t\t\t\t      <\/div>\r\n\t\t\t\t\t\t\t    <\/div>\r\n\t\t\t\t\t\t\t  <\/div>\r\n\t\t\t\t\t\t\t<\/div>\t\t<\/div>\n\t\t\t\t<\/div>\n\t\t\t\t\t<\/div>\n\t\t<\/div>\n\t\t\t\t\t\t\t<\/div>\n\t\t<\/section>\n\t\t\t\t<section class=\"elementor-section elementor-top-section elementor-element elementor-element-8b8e98f elementor-section-full_width elementor-section-stretched elementor-section-height-default elementor-section-height-default\" data-id=\"8b8e98f\" data-element_type=\"section\" data-settings=\"{&quot;stretch_section&quot;:&quot;section-stretched&quot;,&quot;background_background&quot;:&quot;classic&quot;}\">\n\t\t\t\t\t\t<div class=\"elementor-container elementor-column-gap-default\">\n\t\t\t\t\t<div class=\"elementor-column elementor-col-100 elementor-top-column elementor-element elementor-element-614dd60\" data-id=\"614dd60\" data-element_type=\"column\">\n\t\t\t<div class=\"elementor-widget-wrap elementor-element-populated\">\n\t\t\t\t\t\t\t\t<div class=\"elementor-element elementor-element-7741df3 elementor-widget elementor-widget-vt-windfall_about\" data-id=\"7741df3\" data-element_type=\"widget\" data-settings=\"{&quot;about_image&quot;:{&quot;url&quot;:&quot;https:\\\/\\\/hartfix.si\\\/wp-content\\\/uploads\\\/2022\\\/08\\\/vibratory-compactor-during-road-and-highway-constr-2022-02-02-03-48-58-utc_1200.jpg&quot;,&quot;id&quot;:1299,&quot;alt&quot;:&quot;&quot;,&quot;source&quot;:&quot;library&quot;}}\" data-widget_type=\"vt-windfall_about.default\">\n\t\t\t\t<div class=\"elementor-widget-container\">\n\t\t\t<div class=\"wndfal-about\">\r\n\t\t\t\t\t\t\t  <div class=\"container\">\r\n\t\t\t\t\t\t\t    <div class=\"row\">\r\n\t\t\t\t\t\t\t      <div class=\"col-lg-6 order-lg-2\">\r\n\t\t\t\t\t\t\t        <div class=\"about-info\">\r\n\t\t\t\t\t\t\t          <h2 class=\"about-title\">Najem ali nakup delovnih strojev<\/h2><p>Ve\u010d informacij o nakupu obnovljene kmetijske in gradbene mehanizacije lahko najdete v na\u0161i spletni trgovini in rezervacijski platformi.<\/p><ul class=\"check-list\"><li><a href=\"https:\/\/trgovina.hartfix.si\">Obi\u0161\u010dite na\u0161o spletno trgovino<\/a><\/li><li><a href=\"https:\/\/rezervacije.hartfix.si\">Obi\u0161\u010dite na\u0161o rezervacijsko platformo<\/a><\/li><\/ul><\/div><\/div><div class=\"col-lg-6 order-lg-1\"><div class=\"wndfal-image\"><img src=\"https:\/\/hartfix.si\/wp-content\/uploads\/2022\/08\/vibratory-compactor-during-road-and-highway-constr-2022-02-02-03-48-58-utc_1200.jpg\" alt=\"\"><\/div><\/div><\/div><\/div><\/div>\t\t<\/div>\n\t\t\t\t<\/div>\n\t\t\t\t\t<\/div>\n\t\t<\/div>\n\t\t\t\t\t\t\t<\/div>\n\t\t<\/section>\n\t\t\t\t\t\t\t<\/div>\n\t\t","protected":false},"excerpt":{"rendered":"Popravila, storitve in prodaja V na\u0161em podjetju lahko izvedemo servisne storitve za va\u0161o kmetijsko mehanizacijo, delovne stroje in druga motorna vozila. Prav tako si pri nas lahko izposodite delovne stroje ali kupite obnovljen delovni stroj. Za vas smo dosegljivi vsak delovnik v dopoldanskem \u010dasu. Kontakt Najem ali nakup delovnih strojev Ve\u010d informacij o nakupu obnovljene&#8230;","protected":false},"author":1,"featured_media":0,"parent":0,"menu_order":0,"comment_status":"closed","ping_status":"closed","template":"","meta":[],"_links":{"self":[{"href":"https:\/\/hartfix.si\/index.php\/wp-json\/wp\/v2\/pages\/185"}],"collection":[{"href":"https:\/\/hartfix.si\/index.php\/wp-json\/wp\/v2\/pages"}],"about":[{"href":"https:\/\/hartfix.si\/index.php\/wp-json\/wp\/v2\/types\/page"}],"author":[{"embeddable":true,"href":"https:\/\/hartfix.si\/index.php\/wp-json\/wp\/v2\/users\/1"}],"replies":[{"embeddable":true,"href":"https:\/\/hartfix.si\/index.php\/wp-json\/wp\/v2\/comments?post=185"}],"version-history":[{"count":14,"href":"https:\/\/hartfix.si\/index.php\/wp-json\/wp\/v2\/pages\/185\/revisions"}],"predecessor-version":[{"id":1406,"href":"https:\/\/hartfix.si\/index.php\/wp-json\/wp\/v2\/pages\/185\/revisions\/1406"}],"wp:attachment":[{"href":"https:\/\/hartfix.si\/index.php\/wp-json\/wp\/v2\/media?parent=185"}],"curies":[{"name":"wp","href":"https:\/\/api.w.org\/{rel}","templated":true}]}}